90 + 26 = 0. Let m be ((-18)/5)/(1/(-60)). Calculate the highest common factor of p and m.
27
Suppose 0 = 4*w - t - 639, -t - 3 = -4*t. What is the greatest common divisor of w and 5?
5
Let i be (6/(-9))/(4/(-150)). Let r(o) = -30*o. Let x be r(-1). Suppose 2*w - x = -w. What is the greatest common divisor of i and w?
5
Suppose r + 5*g = 25, 0 = -0*r + 4*r - 5*g - 50. What is the greatest common factor of r and 3?
3
Let w(f) = -76*f + 3. Let d be w(-3). Let l be (-229)/(-11) + 14/77. Calculate the highest common divisor of d and l.
21
Suppose -3*a = -a. Suppose -30 = -6*v - a*v. Calculate the greatest common factor of 25 and v.
5
Let k be (-1)/(-4) - (-75)/20. Let c = 7 - k. Calculate the greatest common divisor of c and 27.
3
Suppose 0 = p - 17 + 5. What is the greatest common factor of p and 8?
4
Suppose -175 = -15*p + 95. Let i = 8 + -12. Let f = 6 + i. What is the highest common divisor of p and f?
2
Suppose 182 = 4*r - 2*x, 283 = 5*r + 5*x + 63. Let l be (-91)/(-3) - 4/12. Calculate the highest common divisor of l and r.
15
Let m(h) = -h**3 - 8*h**2 + 2*h + 26. Let v be m(-8). Calculate the greatest common divisor of v and 80.
10
Let r = -197 - -117. Let o = 150 + r. What is the greatest common divisor of o and 28?
14
Let n(a) = a. Let o(v) = 11*v - 3. Let y(f) = 5*n(f) - o(f). Let t be y(-3). Let b be 2/(-7) + (-1474)/(-14). What is the greatest common divisor of b and t?
21
Let q be 1*(-2)/4*18. Let g be 12 - 2/(6/q). Let d be 9*1 + 2 - 1. What is the highest common divisor of d and g?
5
Let q be 184/10 + (-2)/5. What is the highest common factor of q and 45?
9
Let b be -3*-20*2/6. Suppose p - b = 12. Suppose -5*d = -8 - p. Calculate the greatest common divisor of d and 1.
1
Suppose 2*u = -5*n + 219, 2*u - 3*u = n - 111. What is the highest common divisor of 16 and u?
16
Let x(o) = -o - 10. Let y be x(-8). Let l be 11*y/6*-3. Suppose 2*i = 3*p - l, -3*i - 4*p + 12 = -14. What is the highest common divisor of i and 4?
2
Let n be 14/21*(-87)/(-2). Calculate the greatest common factor of 29 and n.
29
Let h = 51 - 22. Let a = -15 + h. Let f(b) = -b**3 + 6*b**2 + 7*b. Let q be f(6). What is the greatest common factor of a and q?
14
Let p be (-2*1)/(2 + -4). Let i(k) = -267*k**2 - k + 1. Let g be i(p). Let s = -179 - g. Calculate the greatest common factor of 8 and s.
8
Let a be 4*(-2 - (-2)/2). Let v be (3/a)/(3/(-48)). Calculate the highest common factor of v and 48.
12
Let m = -89 + 224. Suppose -3*l + m = 3*c, -c + 205 = -0*l + 5*l. Suppose 4*d = 2*n + 2*n + 56, 5*d = 2*n + 76. What is the highest common factor of d and l?
8
Suppose 192 + 192 = 4*r. Calculate the highest common factor of 24 and r.
24
Let f(i) = -129*i**3 + i**2. Let a be f(-1). Let x(t) = -t. Let q be x(-3). Suppose 15 = q*o - 24. What is the highest common divisor of a and o?
13
Suppose 2*n - 9 - 105 = 0. Calculate the greatest common factor of n and 3.
3
Let i(s) be the first derivative of -3*s**2 + 3*s - 4. Let o be i(-5). Calculate the greatest common factor of 11 and o.
11
Let s(l) = -l**3 - 9*l**2 - 13*l - 3. Let x be s(-5). Let b = 70 + x. What is the highest common divisor of 8 and b?
8
Let m be (-18)/8*(-416)/39. Calculate the highest common factor of m and 168.
24
Let v(h) = -3*h**3 - 2*h**2 + 3. Let r be v(-1). Calculate the greatest common divisor of r and 44.
4
Let i = 3 - -5. Let n(p) = -p + p - p**2 - i*p. Let j be n(-6). Calculate the greatest common factor of j and 3.
3
Let s be (4*-1)/(-8)*-10. Let a(i) = -i**2 - 4*i + 9. Let l be a(s). Calculate the highest common factor of l and 44.
4
Let p = 39 - 38. What is the greatest common divisor of 8 and p?
1
Let g(l) = -l**2 + 5*l + 8. Let z be g(6). Let c = 1 + 4. Suppose 0*s + s - c = 0. Calculate the highest common factor of z and s.
1
Let b = -5 - -7. Let f be 1/b - (-9)/18. Calculate the greatest common factor of f and 2.
1
Suppose 800 = -2*c + 6*c. Suppose -c = -8*h + 4*h. What is the greatest common divisor of h and 20?
10
Let j(l) = -3*l. Let c be j(1). Let v = c + 6. Calculate the greatest common factor of v and 24.
3
Let u(m) = m - 4. Let x be u(5). Suppose j + 2*j - 12 = 0. Calculate the greatest common factor of j and x.
1
Let u(s) = 2*s**2 - 8*s + 10. Let x be u(4). Let t(o) = -2*o + 4. Let v be t(-8). Calculate the greatest common factor of x and v.
10
Let l = 3 - 1. Suppose -l*f = -3*f + 14. Let w be (0 + 2)*(2 + -1). What is the greatest common factor of w and f?
2
Let n(b) = -b**2 + 15*b - 32. Let z be n(10). Calculate the highest common factor of z and 99.
9
Suppose 0 = -7*o - 36 + 190. What is the greatest common divisor of o and 2?
2
Let c(m) = 32*m - 6. Let l be c(3). Calculate the greatest common divisor of l and 10.
10
Suppose -2*t + 231 = -7. What is the greatest common divisor of t and 17?
17
Let s = 140 + -80. Suppose 96 = -0*t + 4*t. What is the highest common factor of t and s?
12
Let h(j) = -3*j + 3. Suppose 0 = -5*r + 2*c + 10, 0*r - c + 4 = 2*r. Let t be h(r). Let i be 2 + t + (1 - -8). Calculate the greatest common divisor of 8 and i.
8
Let q be (-4)/(-4)*0/(-2). Suppose q = -2*z + 15 + 41. Calculate the greatest common divisor of z and 7.
7
Suppose 4*o - 170 = -2*h + 78, -o + 71 = -4*h. Suppose s - 3 = -3*n, n = 8*s - 3*s - o. Calculate the greatest common factor of 30 and s.
6
Let n = -51 - -63. Calculate the highest common divisor of n and 12.
12
Let a be (-2)/3*(-7 - (-544)/(-8)). Calculate the greatest common factor of a and 10.
10
Suppose k + 5*x = -22, -2*k + 5*x + 6 + 10 = 0. Let g be ((-1)/k)/((-3)/(-30)). Suppose -4*c = -g*c + 52. Calculate the highest common factor of 13 and c.
13
Let h = 2 + 27. What is the highest common factor of 29 and h?
29
Let i be (-1)/3 + (-1424)/(-24). Let l = -23 + i. Calculate the highest common factor of 4 and l.
4
Let l = -25 + 51. Let x = l + -21. What is the greatest common divisor of x and 45?
5
Let t = 59 + -125. Let o be ((-3)/(-6))/((-1)/t). Calculate the highest common factor of o and 22.
11
Let m be (-2)/(-2) + 7*3. Let y be 1 + 3/(4 + -1). Calculate the greatest common divisor of m and y.
2
Let q = 30 - 15. Calculate the greatest common divisor of q and 120.
15
Suppose -3*f + 10 + 11 = 0. Calculate the highest common factor of 7 and f.
7
Let w(m) = m**2 + 2*m - 8. Let z be w(4). Let f(b) = 2*b**3 - 10*b**2 + 7*b - 2. Let h be f(6). What is the greatest common factor of z and h?
16
Suppose 24 = -4*n + 7*n. Suppose 5*j - n = -y, 0*y + j - 7 = -2*y. Suppose 0 = 3*w + 2*a - 0 - 1, 7 = w - a. What is the highest common factor of w and y?
3
Let k(s) = s**3 + 9*s**2 - 4*s + 2. Let t be k(-8). What is the highest common divisor of 14 and t?
14
Suppose -i + 19 = -0*i. Calculate the highest common factor of 57 and i.
19
Suppose 2*m - 4 + 0 = 0. Suppose 5*q - 60 = 2*w, 7*w = -q + m*w - 15. Calculate the greatest common factor of q and 25.
5
Let s = -41 + 76. Let r(h) be the third derivative of -h**5/60 + h**4/3 - h**3/3 - 2*h**2. Let k be r(4). What is the greatest common factor of k and s?
7
Let l = 235 + -200. What is the greatest common divisor of l and 5?
5
Let v(l) = -29*l**3 - 2*l**2 - 2*l - 1. Let j be v(-1). What is the greatest common divisor of 14 and j?
14
Suppose 0 = 2*i - 4, 2*d - 2 = -i + 3*i. What is the greatest common divisor of d and 21?
3
Let g = -2 + 4. Let c be (-372)/(-18) - g/3. Suppose -16 = -3*j - j. What is the greatest common factor of c and j?
4
Let z(y) = 2*y + 20. Let t be z(-9). Let q be ((-4)/10 + 0)*-5. What is the greatest common factor of q and t?
2
Let m be 12 - ((-2)/(-1) + -2). What is the highest common divisor of m and 6?
6
Let y be (-361 + -2)*2/(-3). Let i be 226/10 - (-6)/(-10). Calculate the highest common divisor of i and y.
22
Let s(v) = v - 15. Let w be s(21). What is the greatest common divisor of w and 12?
6
Suppose 0 = 5*b - 2*b - 9. Suppose -b*r = -2*r - 19. Suppose -r = -5*h + 81. Calculate the greatest common factor of 30 and h.
10
Let w(t) = 9*t. Let r be w(1). Suppose 0 = 4*l - r*l + 85. What is the greatest common factor of 17 and l?
17
Let v be ((-9)/(-1))/(0 + -1). Let q be (-2)/9 + 754/v. Let s be (q/10)/(6/(-20)). Calculate the highest common divisor of s and 7.
7
Let o be 12/(-18)*((-65)/1 + -1). Calculate the highest common divisor of o and 33.
11
Let f = -78 + 109. Let w = 